{"id":153,"date":"2025-12-10T15:44:42","date_gmt":"2025-12-10T14:44:42","guid":{"rendered":"https:\/\/silentsource.pl\/?page_id=153"},"modified":"2026-04-30T09:44:36","modified_gmt":"2026-04-30T07:44:36","slug":"aktualnosci","status":"publish","type":"page","link":"https:\/\/sutenerzytrojmiasta.pl\/?page_id=153","title":{"rendered":"Aktualno\u015bci"},"content":{"rendered":"\n<h2 class=\"wp-block-heading is-style-default\" style=\"font-size:clamp(38.682px, 2.418rem + ((1vw - 3.2px) * 3.266), 72px);font-style:normal;font-weight:1000\">Ksi\u0105\u017cka jest ju\u017c wydrukowana<\/h2>\n\n\n\n<figure class=\"wp-block-image size-large\"><img fetchpriority=\"high\" decoding=\"async\" width=\"768\" height=\"1024\" src=\"https:\/\/sutenerzytrojmiasta.pl\/wp-content\/uploads\/2026\/04\/ST2_fizyczna-768x1024.jpeg\" alt=\"\" class=\"wp-image-285\" srcset=\"https:\/\/sutenerzytrojmiasta.pl\/wp-content\/uploads\/2026\/04\/ST2_fizyczna-768x1024.jpeg 768w, https:\/\/sutenerzytrojmiasta.pl\/wp-content\/uploads\/2026\/04\/ST2_fizyczna-225x300.jpeg 225w, https:\/\/sutenerzytrojmiasta.pl\/wp-content\/uploads\/2026\/04\/ST2_fizyczna-1152x1536.jpeg 1152w, https:\/\/sutenerzytrojmiasta.pl\/wp-content\/uploads\/2026\/04\/ST2_fizyczna-1536x2048.jpeg 1536w, https:\/\/sutenerzytrojmiasta.pl\/wp-content\/uploads\/2026\/04\/ST2_fizyczna-scaled.jpeg 1920w\" sizes=\"(max-width: 768px) 100vw, 768px\" \/><\/figure>\n\n\n\n<div class=\"wp-block-group has-global-padding is-layout-constrained wp-block-group-is-layout-constrained\">\n<div class=\"wp-block-media-text is-stacked-on-mobile is-vertically-aligned-top has-accent-1-background-color has-background\"><figure class=\"wp-block-media-text__media\"><img decoding=\"async\" width=\"768\" height=\"1024\" src=\"https:\/\/sutenerzytrojmiasta.pl\/wp-content\/uploads\/2026\/04\/ST2-fizyczna2-768x1024.jpeg\" alt=\"\" class=\"wp-image-286 size-full\" srcset=\"https:\/\/sutenerzytrojmiasta.pl\/wp-content\/uploads\/2026\/04\/ST2-fizyczna2-768x1024.jpeg 768w, https:\/\/sutenerzytrojmiasta.pl\/wp-content\/uploads\/2026\/04\/ST2-fizyczna2-225x300.jpeg 225w, https:\/\/sutenerzytrojmiasta.pl\/wp-content\/uploads\/2026\/04\/ST2-fizyczna2-1152x1536.jpeg 1152w, https:\/\/sutenerzytrojmiasta.pl\/wp-content\/uploads\/2026\/04\/ST2-fizyczna2-1536x2048.jpeg 1536w, https:\/\/sutenerzytrojmiasta.pl\/wp-content\/uploads\/2026\/04\/ST2-fizyczna2-scaled.jpeg 1920w\" sizes=\"(max-width: 768px) 100vw, 768px\" \/><\/figure><div class=\"wp-block-media-text__content\">\n<p class=\"has-fira-code-font-family has-medium-font-size\" style=\"font-style:normal;font-weight:600\">Ksi\u0105\u017cka jest ju\u017c w magazynie. Wszystkim Czytelniczkom i Czytelnikom, kt\u00f3rzy zam\u00f3wili j\u0105 w przedsprzeda\u017cy bardzo dziekuj\u0119. Wasze zainteresowanie, kt\u00f3re przesz\u0142o moje naj\u015bmielsze oczekiwania, jest dla mnie niezwyk\u0142ym wsparciem w codziennej pracy. Ka\u017cda i ka\u017cdy z Was otrzyma sw\u00f3j egzemplarz z moim osobistym podpisem. Ju\u017c po maj\u00f3wce ruszam na Roztocze, aby podpisywa\u0107 je specjalnie dla Was! <\/p>\n<\/div><\/div>\n<\/div>\n\n\n\n<pre class=\"wp-block-preformatted has-custom-color-2-background-color has-background has-manrope-font-family has-x-large-font-size\" style=\"font-style:normal;font-weight:700\">Koniec pisania<\/pre>\n\n\n\n<pre class=\"wp-block-preformatted has-accent-1-background-color has-background has-fira-code-font-family\" style=\"font-style:normal;font-weight:500\">22.03.2026 <br>Tekst ksi\u0105\u017cki jest gotowy, pozosta\u0142y jeszcze niezb\u0119dne prace redakcyjne ale i one sprawnie zmierzaj\u0105 do ko\u0144ca.<\/pre>\n\n\n\n<div class=\"wp-block-media-text is-stacked-on-mobile is-vertically-aligned-top\"><figure class=\"wp-block-media-text__media\"><img decoding=\"async\" width=\"1024\" height=\"768\" src=\"https:\/\/sutenerzytrojmiasta.pl\/wp-content\/uploads\/2025\/12\/IMG_7586-1024x768.jpeg\" alt=\"\" class=\"wp-image-14 size-full\" srcset=\"https:\/\/sutenerzytrojmiasta.pl\/wp-content\/uploads\/2025\/12\/IMG_7586-1024x768.jpeg 1024w, https:\/\/sutenerzytrojmiasta.pl\/wp-content\/uploads\/2025\/12\/IMG_7586-300x225.jpeg 300w, https:\/\/sutenerzytrojmiasta.pl\/wp-content\/uploads\/2025\/12\/IMG_7586-768x576.jpeg 768w, https:\/\/sutenerzytrojmiasta.pl\/wp-content\/uploads\/2025\/12\/IMG_7586-1536x1152.jpeg 1536w, https:\/\/sutenerzytrojmiasta.pl\/wp-content\/uploads\/2025\/12\/IMG_7586-2048x1536.jpeg 2048w\" sizes=\"(max-width: 1024px) 100vw, 1024px\" \/><\/figure><div class=\"wp-block-media-text__content\">\n<h2 class=\"wp-block-heading\"><strong>Sutenerzy Tr\u00f3jmiasta 2<\/strong><\/h2>\n\n\n\n<pre class=\"wp-block-preformatted has-custom-color-2-background-color has-background\" style=\"padding-top:0;padding-right:0;padding-bottom:0;padding-left:0\"><strong>10.12.2025 <\/strong><br><strong>Kolejna cz\u0119\u015b\u0107 Sutener\u00f3w ju\u017c powstaje<\/strong><br>Obok znanych ju\u017c bohater\u00f3w pojawi\u0105 si\u0119 nowi. B\u0119dzie o wi\u0119kszych pieni\u0105dzach, mi\u0119dzynarodowych gangach narkotykowych oraz korupcji na wysokich szczeblach. I b\u0119dzie co\u015b nowego o prezydencie<br><\/pre>\n\n\n\n<pre class=\"wp-block-preformatted\"><br><\/pre>\n<\/div><\/div>\n\n\n\n<pre class=\"wp-block-preformatted has-custom-color-2-background-color has-background\"><br><strong>25.11.2025<br>Black week, black friday... a nawet lepiej :)<br><\/strong><br>Prace nad drug\u0105 cz\u0119\u015bci\u0105 Sutener\u00f3w Tr\u00f3jmiasta trwaj\u0105. Ksi\u0105\u017cka b\u0119dzie kontynuacj\u0105 pierwszej cz\u0119\u015bci. Dla Czytelniczek i Czytelnik\u00f3w, kt\u00f3rzy ju\u017c kupili lub kupi\u0105 Sutener\u00f3w w najbli\u017cszych tygodniach przygotujemy rabat na zakup drugiej cz\u0119\u015bci.<br>Ksi\u0105\u017cka powstaje na podstawie bogatej dokumentacji. Ustalenia policji, akta s\u0105dowe, archiwalne doniesienia medi\u00f3w, rozmowy ze \u015bwiadkami i relacje reporterskie pozwol\u0105 na pokazanie niezwyk\u0142ego obrazu tr\u00f3jmiejskiej mafii. <\/pre>\n\n\n\n<pre class=\"wp-block-preformatted has-custom-color-2-background-color has-background\"><strong>21.11.2025<br>Powstaje kontynuacja Sutener\u00f3w Tr\u00f3jmiasta<br><\/strong><br>Ksi\u0105\u017cka Sutenerzy Tr\u00f3jmiasta spotka\u0142a si\u0119 bardzo dobrym przyj\u0119ciem i du\u017cym zainteresowaniem. Wiele Czytelniczek i Czytelnik\u00f3w pyta, czy i kiedy b\u0119dzie mo\u017cna pozna\u0107 kolejne tajemnice gda\u0144skiej i tr\u00f3jmiejskiej mafii, ale tak\u017ce innych bohater\u00f3w tej historii.<br><br>Jak wiemy \u201eWielki Bu\u201d zosta\u0142 sprowadzony do Polski, gdzie us\u0142ysza\u0142 powa\u017cne zarzuty i trafi\u0142 do aresztu. Wiele dzieje si\u0119 tak\u017ce w innych sprawach - \u015bledztwie dotycz\u0105cym Rozi, sprawie Olgierda L. W drugiej cz\u0119\u015bci wi\u0119kszo\u015b\u0107 bohater\u00f3w powr\u00f3ci.  \u201eWielki Bu\u201d, grupa z Rozi, \u201eOlgierd\u201d - b\u0119d\u0105 retrospekcje, ale te\u017c mocne w\u0105tki wsp\u00f3\u0142czesne. Pojawi\u0105 si\u0119 te\u017c zupe\u0142nie nowi bohaterowie. Przemoc, seksbiznes, narkotyki, biznesowo-polityczne powi\u0105zania i korupcja. <br><br>Aha, b\u0119d\u0105 te\u017c oczywi\u015bcie nowe, niezwykle ciekawe informacje o Karolu Nawrockim.<br><br>Sutenerzy Tr\u00f3jmiasta 2 uka\u017c\u0105 si\u0119 ju\u017c w 2026 roku. O post\u0119pach w pracy b\u0119dziemy informowali tutaj i w mediach spo\u0142eczno\u015bciowych.<\/pre>\n\n\n\n<div class=\"wp-block-media-text alignwide is-stacked-on-mobile is-vertically-aligned-bottom\" style=\"grid-template-columns:42% auto\"><figure class=\"wp-block-media-text__media\"><img loading=\"lazy\" decoding=\"async\" width=\"779\" height=\"1024\" src=\"https:\/\/silentsource.pl\/wp-content\/uploads\/2025\/12\/IMG_6676-779x1024.jpg\" alt=\"\" class=\"wp-image-194 size-full\" srcset=\"https:\/\/sutenerzytrojmiasta.pl\/wp-content\/uploads\/2025\/12\/IMG_6676-779x1024.jpg 779w, https:\/\/sutenerzytrojmiasta.pl\/wp-content\/uploads\/2025\/12\/IMG_6676-228x300.jpg 228w, https:\/\/sutenerzytrojmiasta.pl\/wp-content\/uploads\/2025\/12\/IMG_6676-768x1009.jpg 768w, https:\/\/sutenerzytrojmiasta.pl\/wp-content\/uploads\/2025\/12\/IMG_6676-1169x1536.jpg 1169w, https:\/\/sutenerzytrojmiasta.pl\/wp-content\/uploads\/2025\/12\/IMG_6676-1558x2048.jpg 1558w, https:\/\/sutenerzytrojmiasta.pl\/wp-content\/uploads\/2025\/12\/IMG_6676-scaled.jpg 1948w\" sizes=\"(max-width: 779px) 100vw, 779px\" \/><\/figure><div class=\"wp-block-media-text__content\">\n<pre class=\"wp-block-preformatted has-custom-color-2-background-color has-background\" style=\"margin-top:0;margin-right:0;margin-bottom:0;margin-left:0\"><br><strong><br>Mamy to!<\/strong><br><br><strong>30.09.2025<\/strong> Podpisane ksi\u0105\u017cki trafi\u0142y ju\u017c do wszystkich, kt\u00f3rzy zam\u00f3wili j\u0105 w przedsprzeda\u017cy<br>To by\u0142o pracowite i wyczerpuj\u0105ce kilka miesi\u0119cy. Proces powstawania ksi\u0105\u017cki by\u0142 naprawd\u0119 b\u0142yskawiczny. Nad tekstem pracowali najlepsi w bran\u017cy redakcyjnej i korekcyjnej. Dzi\u0119kuj\u0119 wszystkim zaanga\u017cowanym w tworzenie tej ksi\u0105\u017cki. Moim zdaniem efekt jest znakomity. Dzi\u0119kuj\u0119 te\u017c wszystkim, kt\u00f3rzy wspierali nas dobrym s\u0142owem.<br> \u017byczymy wszystkim udanej lektury. <br>19.09.2025<br>Druk sko\u0144czony!<br>Ksi\u0105\u017cka jest ju\u017c wydrukowana, w poniedzia\u0142ek zacznie si\u0119 transport do magazynu wysy\u0142kowego<\/pre>\n<\/div><\/div>\n\n\n\n<pre class=\"wp-block-preformatted has-custom-color-2-background-color has-background\"><strong>10.09.2025<br>Drukujemy!<\/strong><br>\"Sutenerzy Tr\u00f3jmiasta\u201d prawie gotowi<br>Dzi\u0119ki niezwykle sprawnemu zespo\u0142owi tekst zosta\u0142 uko\u0144czony i trafi\u0142 do drukarni. Proces zajmie oko\u0142o dw\u00f3ch tygodni.<\/pre>\n\n\n\n<pre class=\"wp-block-preformatted has-custom-color-2-background-color has-background\"><strong>15.08.2025<br>G\u0142\u00f3wny tekst jest sko\u0144czony!<br>Zosta\u0142y jeszcze prace redakcyjne i korekta<\/strong><br>To niesamowita chwila, kiedy pod tekstem mo\u017cna wpisa\u0107 s\u0142owo \u201ekoniec\u201d. Oczywi\u015bcie zosta\u0142y jeszcze prace redakcyjne i korekta. Zajmuj\u0105 si\u0119 nimi najlepsi specjali\u015bci. Ksi\u0105\u017cka powinna trafi\u0107 do pierwszych Czytelnik\u00f3w po 20 wrze\u015bnia. Najszybciej dostan\u0105 j\u0105 Ci, kt\u00f3rzy zam\u00f3wili j\u0105 w przedsprzeda\u017cy.<\/pre>\n\n\n\n<pre class=\"wp-block-preformatted has-custom-color-2-background-color has-background\"><br><strong>06.08.2025<br>Wiecz\u00f3r intensywnej pracy<br>Chocia\u017c w polityce gor\u0105cy i pe\u0142en wydarze\u0144 dzie\u0144, praca nad ksi\u0105\u017ck\u0105 nie zwalnia<\/strong><br>Tekst jest na ostatniej prostej. To dobra wiadomo\u015b\u0107, bo oznacza, \u017ce na razie trzymamy si\u0119 planu i terminy s\u0105 niezagro\u017cone. I oby tak dalej<\/pre>\n\n\n\n<pre class=\"wp-block-preformatted has-custom-color-2-background-color has-background\"><strong>28.07.2025<br>Pierwsza cz\u0119\u015b\u0107 w korekcie<br>Trwaj\u0105 prace nad tekstem. Pierwszy fragment pozytywnie edycj\u0119 i trafi\u0142 do korekty<\/strong><br>Prace nad tekstem trwaj\u0105. Pierwsza cz\u0119\u015b\u0107 ksi\u0105\u017cki przesz\u0142a ju\u017c prace redakcyjne trafi\u0142a do korekty. Teraz druga cz\u0119\u015b\u0107 jest w r\u0119kach redaktorki. Pierwsze tygodnie pracy zespo\u0142owej pokazuj\u0105, \u017ce zesp\u00f3\u0142 dobrze si\u0119 rozumie, w wsp\u00f3\u0142praca uk\u0142ada si\u0119 naprawd\u0119 \u015bwietnie.<\/pre>\n\n\n\n<pre class=\"wp-block-preformatted has-custom-color-2-background-color has-background\"><br><strong>16.07.2025 <br>Ruszy\u0142a przedsprzeda\u017c<br><\/strong><br> \u201eSutener\u00f3w Tr\u00f3jmiasta\u201d mo\u017cna ju\u017c zam\u00f3wi\u0107 na stronie g\u0142\u00f3wnej, dostawa ju\u017c we wrze\u015bniu<br><br>Z przyjemno\u015bci\u0105 informujemy, \u017ce dotarli\u015bmy do wa\u017cnego momentu. Uda\u0142o nam si\u0119 zintegrowa\u0107 wiele r\u00f3\u017cnych system\u00f3w, aby uruchomi\u0107 mo\u017cliwo\u015b\u0107 zamawiania ksi\u0105\u017cki. To najlepszy spos\u00f3b, by by\u0107 w\u015br\u00f3d pierwszych Czytelnik\u00f3w. Dlatego... zam\u00f3w ju\u017c dzi\u015b! Link do zam\u00f3wienia znajduje si\u0119 na stronie gl\u00f3wej, albo poni\u017cej<\/pre>\n\n\n\n<p><\/p>\n","protected":false},"excerpt":{"rendered":"<p>Ksi\u0105\u017cka jest ju\u017c wydrukowana Ksi\u0105\u017cka jest ju\u017c w magazynie. Wszystkim Czytelniczkom i Czytelnikom, kt\u00f3rzy zam\u00f3wili j\u0105 w przedsprzeda\u017cy bardzo dziekuj\u0119. Wasze zainteresowanie, kt\u00f3re przesz\u0142o moje naj\u015bmielsze oczekiwania, jest dla mnie niezwyk\u0142ym wsparciem w codziennej pracy. Ka\u017cda i ka\u017cdy z Was otrzyma sw\u00f3j egzemplarz z moim osobistym podpisem. Ju\u017c po maj\u00f3wce ruszam na Roztocze, aby podpisywa\u0107 [&hellip;]<\/p>\n","protected":false},"author":1,"featured_media":0,"parent":0,"menu_order":0,"comment_status":"closed","ping_status":"closed","template":"","meta":{"footnotes":""},"class_list":["post-153","page","type-page","status-publish","hentry"],"yoast_head":"<!-- This site is optimized with the Yoast SEO plugin v26.5 - https:\/\/yoast.com\/wordpress\/plugins\/seo\/ -->\n<title>Aktualno\u015bci - Sutenerzy Tr\u00f3jmiasta<\/title>\n<meta name=\"robots\" content=\"index, follow, max-snippet:-1, max-image-preview:large, max-video-preview:-1\" \/>\n<link rel=\"canonical\" href=\"https:\/\/sutenerzytrojmiasta.pl\/?page_id=153\" \/>\n<meta property=\"og:locale\" content=\"pl_PL\" \/>\n<meta property=\"og:type\" content=\"article\" \/>\n<meta property=\"og:title\" content=\"Aktualno\u015bci - Sutenerzy Tr\u00f3jmiasta\" \/>\n<meta property=\"og:description\" content=\"Ksi\u0105\u017cka jest ju\u017c wydrukowana Ksi\u0105\u017cka jest ju\u017c w magazynie. Wszystkim Czytelniczkom i Czytelnikom, kt\u00f3rzy zam\u00f3wili j\u0105 w przedsprzeda\u017cy bardzo dziekuj\u0119. Wasze zainteresowanie, kt\u00f3re przesz\u0142o moje naj\u015bmielsze oczekiwania, jest dla mnie niezwyk\u0142ym wsparciem w codziennej pracy. Ka\u017cda i ka\u017cdy z Was otrzyma sw\u00f3j egzemplarz z moim osobistym podpisem. Ju\u017c po maj\u00f3wce ruszam na Roztocze, aby podpisywa\u0107 [&hellip;]\" \/>\n<meta property=\"og:url\" content=\"https:\/\/sutenerzytrojmiasta.pl\/?page_id=153\" \/>\n<meta property=\"og:site_name\" content=\"Sutenerzy Tr\u00f3jmiasta\" \/>\n<meta property=\"article:modified_time\" content=\"2026-04-30T07:44:36+00:00\" \/>\n<meta property=\"og:image\" content=\"https:\/\/sutenerzytrojmiasta.pl\/wp-content\/uploads\/2026\/04\/ST2_fizyczna-scaled.jpeg\" \/>\n\t<meta property=\"og:image:width\" content=\"1920\" \/>\n\t<meta property=\"og:image:height\" content=\"2560\" \/>\n\t<meta property=\"og:image:type\" content=\"image\/jpeg\" \/>\n<meta name=\"twitter:card\" content=\"summary_large_image\" \/>\n<meta name=\"twitter:label1\" content=\"Szacowany czas czytania\" \/>\n\t<meta name=\"twitter:data1\" content=\"2 minuty\" \/>\n<script type=\"application\/ld+json\" class=\"yoast-schema-graph\">{\"@context\":\"https:\/\/schema.org\",\"@graph\":[{\"@type\":\"WebPage\",\"@id\":\"https:\/\/sutenerzytrojmiasta.pl\/?page_id=153\",\"url\":\"https:\/\/sutenerzytrojmiasta.pl\/?page_id=153\",\"name\":\"Aktualno\u015bci - Sutenerzy Tr\u00f3jmiasta\",\"isPartOf\":{\"@id\":\"https:\/\/sutenerzytrojmiasta.pl\/#website\"},\"primaryImageOfPage\":{\"@id\":\"https:\/\/sutenerzytrojmiasta.pl\/?page_id=153#primaryimage\"},\"image\":{\"@id\":\"https:\/\/sutenerzytrojmiasta.pl\/?page_id=153#primaryimage\"},\"thumbnailUrl\":\"https:\/\/sutenerzytrojmiasta.pl\/wp-content\/uploads\/2026\/04\/ST2_fizyczna-768x1024.jpeg\",\"datePublished\":\"2025-12-10T14:44:42+00:00\",\"dateModified\":\"2026-04-30T07:44:36+00:00\",\"breadcrumb\":{\"@id\":\"https:\/\/sutenerzytrojmiasta.pl\/?page_id=153#breadcrumb\"},\"inLanguage\":\"pl-PL\",\"potentialAction\":[{\"@type\":\"ReadAction\",\"target\":[\"https:\/\/sutenerzytrojmiasta.pl\/?page_id=153\"]}]},{\"@type\":\"ImageObject\",\"inLanguage\":\"pl-PL\",\"@id\":\"https:\/\/sutenerzytrojmiasta.pl\/?page_id=153#primaryimage\",\"url\":\"https:\/\/sutenerzytrojmiasta.pl\/wp-content\/uploads\/2026\/04\/ST2_fizyczna-scaled.jpeg\",\"contentUrl\":\"https:\/\/sutenerzytrojmiasta.pl\/wp-content\/uploads\/2026\/04\/ST2_fizyczna-scaled.jpeg\",\"width\":1920,\"height\":2560},{\"@type\":\"BreadcrumbList\",\"@id\":\"https:\/\/sutenerzytrojmiasta.pl\/?page_id=153#breadcrumb\",\"itemListElement\":[{\"@type\":\"ListItem\",\"position\":1,\"name\":\"Home\",\"item\":\"https:\/\/sutenerzytrojmiasta.pl\/\"},{\"@type\":\"ListItem\",\"position\":2,\"name\":\"Aktualno\u015bci\"}]},{\"@type\":\"WebSite\",\"@id\":\"https:\/\/sutenerzytrojmiasta.pl\/#website\",\"url\":\"https:\/\/sutenerzytrojmiasta.pl\/\",\"name\":\"Sutenerzy Tr\u00f3jmiasta\",\"description\":\"\",\"publisher\":{\"@id\":\"https:\/\/sutenerzytrojmiasta.pl\/#organization\"},\"potentialAction\":[{\"@type\":\"SearchAction\",\"target\":{\"@type\":\"EntryPoint\",\"urlTemplate\":\"https:\/\/sutenerzytrojmiasta.pl\/?s={search_term_string}\"},\"query-input\":{\"@type\":\"PropertyValueSpecification\",\"valueRequired\":true,\"valueName\":\"search_term_string\"}}],\"inLanguage\":\"pl-PL\"},{\"@type\":\"Organization\",\"@id\":\"https:\/\/sutenerzytrojmiasta.pl\/#organization\",\"name\":\"Sutenerzy Tr\u00f3jmiasta\",\"url\":\"https:\/\/sutenerzytrojmiasta.pl\/\",\"logo\":{\"@type\":\"ImageObject\",\"inLanguage\":\"pl-PL\",\"@id\":\"https:\/\/sutenerzytrojmiasta.pl\/#\/schema\/logo\/image\/\",\"url\":\"https:\/\/sutenerzytrojmiasta.pl\/wp-content\/uploads\/2025\/12\/Zrzut-ekranu-2025-12-11-o-10.57.30.png\",\"contentUrl\":\"https:\/\/sutenerzytrojmiasta.pl\/wp-content\/uploads\/2025\/12\/Zrzut-ekranu-2025-12-11-o-10.57.30.png\",\"width\":766,\"height\":660,\"caption\":\"Sutenerzy Tr\u00f3jmiasta\"},\"image\":{\"@id\":\"https:\/\/sutenerzytrojmiasta.pl\/#\/schema\/logo\/image\/\"}}]}<\/script>\n<!-- \/ Yoast SEO plugin. -->","yoast_head_json":{"title":"Aktualno\u015bci - Sutenerzy Tr\u00f3jmiasta","robots":{"index":"index","follow":"follow","max-snippet":"max-snippet:-1","max-image-preview":"max-image-preview:large","max-video-preview":"max-video-preview:-1"},"canonical":"https:\/\/sutenerzytrojmiasta.pl\/?page_id=153","og_locale":"pl_PL","og_type":"article","og_title":"Aktualno\u015bci - Sutenerzy Tr\u00f3jmiasta","og_description":"Ksi\u0105\u017cka jest ju\u017c wydrukowana Ksi\u0105\u017cka jest ju\u017c w magazynie. Wszystkim Czytelniczkom i Czytelnikom, kt\u00f3rzy zam\u00f3wili j\u0105 w przedsprzeda\u017cy bardzo dziekuj\u0119. Wasze zainteresowanie, kt\u00f3re przesz\u0142o moje naj\u015bmielsze oczekiwania, jest dla mnie niezwyk\u0142ym wsparciem w codziennej pracy. Ka\u017cda i ka\u017cdy z Was otrzyma sw\u00f3j egzemplarz z moim osobistym podpisem. Ju\u017c po maj\u00f3wce ruszam na Roztocze, aby podpisywa\u0107 [&hellip;]","og_url":"https:\/\/sutenerzytrojmiasta.pl\/?page_id=153","og_site_name":"Sutenerzy Tr\u00f3jmiasta","article_modified_time":"2026-04-30T07:44:36+00:00","og_image":[{"width":1920,"height":2560,"url":"https:\/\/sutenerzytrojmiasta.pl\/wp-content\/uploads\/2026\/04\/ST2_fizyczna-scaled.jpeg","type":"image\/jpeg"}],"twitter_card":"summary_large_image","twitter_misc":{"Szacowany czas czytania":"2 minuty"},"schema":{"@context":"https:\/\/schema.org","@graph":[{"@type":"WebPage","@id":"https:\/\/sutenerzytrojmiasta.pl\/?page_id=153","url":"https:\/\/sutenerzytrojmiasta.pl\/?page_id=153","name":"Aktualno\u015bci - Sutenerzy Tr\u00f3jmiasta","isPartOf":{"@id":"https:\/\/sutenerzytrojmiasta.pl\/#website"},"primaryImageOfPage":{"@id":"https:\/\/sutenerzytrojmiasta.pl\/?page_id=153#primaryimage"},"image":{"@id":"https:\/\/sutenerzytrojmiasta.pl\/?page_id=153#primaryimage"},"thumbnailUrl":"https:\/\/sutenerzytrojmiasta.pl\/wp-content\/uploads\/2026\/04\/ST2_fizyczna-768x1024.jpeg","datePublished":"2025-12-10T14:44:42+00:00","dateModified":"2026-04-30T07:44:36+00:00","breadcrumb":{"@id":"https:\/\/sutenerzytrojmiasta.pl\/?page_id=153#breadcrumb"},"inLanguage":"pl-PL","potentialAction":[{"@type":"ReadAction","target":["https:\/\/sutenerzytrojmiasta.pl\/?page_id=153"]}]},{"@type":"ImageObject","inLanguage":"pl-PL","@id":"https:\/\/sutenerzytrojmiasta.pl\/?page_id=153#primaryimage","url":"https:\/\/sutenerzytrojmiasta.pl\/wp-content\/uploads\/2026\/04\/ST2_fizyczna-scaled.jpeg","contentUrl":"https:\/\/sutenerzytrojmiasta.pl\/wp-content\/uploads\/2026\/04\/ST2_fizyczna-scaled.jpeg","width":1920,"height":2560},{"@type":"BreadcrumbList","@id":"https:\/\/sutenerzytrojmiasta.pl\/?page_id=153#breadcrumb","itemListElement":[{"@type":"ListItem","position":1,"name":"Home","item":"https:\/\/sutenerzytrojmiasta.pl\/"},{"@type":"ListItem","position":2,"name":"Aktualno\u015bci"}]},{"@type":"WebSite","@id":"https:\/\/sutenerzytrojmiasta.pl\/#website","url":"https:\/\/sutenerzytrojmiasta.pl\/","name":"Sutenerzy Tr\u00f3jmiasta","description":"","publisher":{"@id":"https:\/\/sutenerzytrojmiasta.pl\/#organization"},"potentialAction":[{"@type":"SearchAction","target":{"@type":"EntryPoint","urlTemplate":"https:\/\/sutenerzytrojmiasta.pl\/?s={search_term_string}"},"query-input":{"@type":"PropertyValueSpecification","valueRequired":true,"valueName":"search_term_string"}}],"inLanguage":"pl-PL"},{"@type":"Organization","@id":"https:\/\/sutenerzytrojmiasta.pl\/#organization","name":"Sutenerzy Tr\u00f3jmiasta","url":"https:\/\/sutenerzytrojmiasta.pl\/","logo":{"@type":"ImageObject","inLanguage":"pl-PL","@id":"https:\/\/sutenerzytrojmiasta.pl\/#\/schema\/logo\/image\/","url":"https:\/\/sutenerzytrojmiasta.pl\/wp-content\/uploads\/2025\/12\/Zrzut-ekranu-2025-12-11-o-10.57.30.png","contentUrl":"https:\/\/sutenerzytrojmiasta.pl\/wp-content\/uploads\/2025\/12\/Zrzut-ekranu-2025-12-11-o-10.57.30.png","width":766,"height":660,"caption":"Sutenerzy Tr\u00f3jmiasta"},"image":{"@id":"https:\/\/sutenerzytrojmiasta.pl\/#\/schema\/logo\/image\/"}}]}},"_links":{"self":[{"href":"https:\/\/sutenerzytrojmiasta.pl\/index.php?rest_route=\/wp\/v2\/pages\/153","targetHints":{"allow":["GET"]}}],"collection":[{"href":"https:\/\/sutenerzytrojmiasta.pl\/index.php?rest_route=\/wp\/v2\/pages"}],"about":[{"href":"https:\/\/sutenerzytrojmiasta.pl\/index.php?rest_route=\/wp\/v2\/types\/page"}],"author":[{"embeddable":true,"href":"https:\/\/sutenerzytrojmiasta.pl\/index.php?rest_route=\/wp\/v2\/users\/1"}],"replies":[{"embeddable":true,"href":"https:\/\/sutenerzytrojmiasta.pl\/index.php?rest_route=%2Fwp%2Fv2%2Fcomments&post=153"}],"version-history":[{"count":14,"href":"https:\/\/sutenerzytrojmiasta.pl\/index.php?rest_route=\/wp\/v2\/pages\/153\/revisions"}],"predecessor-version":[{"id":288,"href":"https:\/\/sutenerzytrojmiasta.pl\/index.php?rest_route=\/wp\/v2\/pages\/153\/revisions\/288"}],"wp:attachment":[{"href":"https:\/\/sutenerzytrojmiasta.pl\/index.php?rest_route=%2Fwp%2Fv2%2Fmedia&parent=153"}],"curies":[{"name":"wp","href":"https:\/\/api.w.org\/{rel}","templated":true}]}}